e factors of 11311.
11311
List the prime factors of 7288.
2, 911
List the prime factors of 3365.
5, 673
List the prime factors of 1777.
1777
List the prime factors of 3390.
2, 3, 5, 113
What are the prime factors of 2533?
17, 149
List the prime factors of 4735.
5, 947
What are the prime factors of 46448?
2, 2903
List the prime factors of 66601.
66601
List the prime factors of 106723.
19, 41, 137
What are the prime factors of 471?
3, 157
List the prime factors of 4520.
2, 5, 113
List the prime factors of 323.
17, 19
What are the prime factors of 8586?
2, 3, 53
List the prime factors of 10917.
3, 1213
List the prime factors of 145091.
145091
List the prime factors of 1980.
2, 3, 5, 11
List the prime factors of 7742.
2, 7, 79
List the prime factors of 13630.
2, 5, 29, 47
What are the prime factors of 389?
389
List the prime factors of 631.
631
What are the prime factors of 93667?
7, 13381
List the prime factors of 1237.
1237
What are the prime factors of 83656?
2, 10457
List the prime factors of 154329.
3, 7, 7349
What are the prime factors of 1717?
17, 101
List the prime factors of 3564.
2, 3, 11
What are the prime factors of 846?
2, 3, 47
List the prime factors of 1265.
5, 11, 23
List the prime factors of 1179.
3, 131
What are the prime factors of 18772?
2, 13, 19
What are the prime factors of 27046?
2, 13523
What are the prime factors of 8925?
3, 5, 7, 17
List the prime factors of 2036.
2, 509
What are the prime factors of 28208?
2, 41, 43
List the prime factors of 2081.
2081
What are the prime factors of 1844?
2, 461
List the prime factors of 584.
2, 73
What are the prime factors of 6507?
3, 241
What are the prime factors of 39706?
2, 19853
What are the prime factors of 7255?
5, 1451
List the prime factors of 1343.
17, 79
What are the prime factors of 98357?
7, 14051
List the prime factors of 647.
647
List the prime factors of 59351.
59351
List the prime factors of 7.
7
List the prime factors of 54655.
5, 17, 643
List the prime factors of 89501.
89501
List the prime factors of 73286.
2, 36643
List the prime factors of 646.
2, 17, 19
List the prime factors of 406.
2, 7, 29
List the prime factors of 28460.
2, 5, 1423
What are the prime factors of 1431?
3, 53
List the prime factors of 11255.
5, 2251
List the prime factors of 19226.
2, 9613
What are the prime factors of 1061?
1061
List the prime factors of 1160.
2, 5, 29
What are the prime factors of 4623?
3, 23, 67
What are the prime factors of 11908?
2, 13, 229
What are the prime factors of 30355?
5, 13, 467
What are the prime factors of 1019?
1019
List the prime factors of 2670.
2, 3, 5, 89
What are the prime factors of 85?
5, 17
What are the prime factors of 605?
5, 11
List the prime factors of 2381.
2381
List the prime factors of 2088.
2, 3, 29
List the prime factors of 9430.
2, 5, 23, 41
What are the prime factors of 31?
31
List the prime factors of 1582.
2, 7, 113
What are the prime factors of 43401?
3, 17, 23, 37
List the prime factors of 311.
311
What are the prime factors of 44685?
3, 5, 331
What are the prime factors of 101366?
2, 50683
What are the prime factors of 2650?
2, 5, 53
What are the prime factors of 3015?
3, 5, 67
What are the prime factors of 1308?
2, 3, 109
What are the prime factors of 134462?
2, 67231
What are the prime factors of 883?
883
List the prime factors of 15981.
3, 7, 761
List the prime factors of 169475.
5, 6779
List the prime factors of 1005.
3, 5, 67
List the prime factors of 22.
2, 11
List the prime factors of 4313.
19, 227
List the prime factors of 46615.
5, 9323
What are the prime factors of 104687?
11, 31, 307
What are the prime factors of 2102?
2, 1051
What are the prime factors of 11533?
19, 607
What are the prime factors of 16158?
2, 3, 2693
List the prime factors of 9248.
2, 17
What are the prime factors of 657?
3, 73
What are the prime factors of 9342?
2, 3, 173
What are the prime factors of 1082?
2, 541
List the prime factors of 1202.
2, 601
List the prime factors of 5060.
2, 5, 11, 23
List the prime factors of 52734.
2, 3, 11, 17, 47
List the prime factors of 10790.
2, 5, 13, 83
List the prime factors of 10807.
101, 107
What are the prime factors of 2388?
2, 3, 199
What are the prime factors of 1493?
1493
What are the prime factors of 119567?
7, 19, 29, 31
What are the prime factors of 535?
5, 107
What are the prime factors of 1737?
3, 193
What are the prime factors of 5324?
2, 11
List the prime factors of 525.
3, 5, 7
What are the prime factors of 8512?
2, 7, 19
What are the prime factors of 4765?
5, 953
List the prime factors of 1133.
11, 103
List the prime factors of 11770.
2, 5, 11, 107
List the prime factors of 695.
5, 139
List the prime factors of 22051.
22051
What are the prime factors of 2821?
7, 13, 31
What are the prime factors of 1721?
1721
List the prime factors of 32881.
131, 251
What are the prime factors of 45555?
3, 5, 3037
What are the prime factors of 2287?
2287
List the prime factors of 2614.
2, 1307
List the prime factors of 415.
5, 83
What are the prime factors of 16908?
2, 3, 1409
What are the prime factors of 551?
19, 29
List the prime factors of 8125.
5, 13
List the prime factors of 27642.
2, 3, 17, 271
What are the prime factors of 162357?
3, 13, 23, 181
What are the prime factors of 7362?
2, 3, 409
What are the prime factors of 16385?
5, 29, 113
What are the prime factors of 798?
2, 3, 7, 19
List the prime factors of 3020.
2, 5, 151
List the prime factors of 4690.
2, 5, 7, 67
What are the prime factors of 40652?
2, 10163
List the prime factors of 77767.
19, 4093
List the prime factors of 7462.
2, 7, 13, 41
What are the prime factors of 9546?
2, 3, 37, 43
What are the prime factors of 442?
2, 13, 17
List the prime factors of 9054.
2, 3, 503
List the prime factors of 2664.
2, 3, 37
List the prime factors of 2916.
2, 3
List the prime factors of 7541.
7541
What are the prime factors of 66?
2, 3, 11
List the prime factors of 62301.
3, 19, 1093
What are the prime factors of 646?
2, 17, 19
List the prime factors of 916.
2, 229
List the prime factors of 17835.
3, 5, 29, 41
List the prime factors of 56135.
5, 103, 109
What are the prime factors of 9469?
17, 557
List the prime factors of 71617.
7, 13, 787
What are the prime factors of 377?
13, 29
What are the prime factors of 26365?
5, 5273
List the prime factors of 4163.
23, 181
What are the prime factors of 77067?
3, 8563
What are the prime factors of 777?
3, 7, 37
What are the prime factors of 5916?
2, 3, 17, 29
What are the prime factors of 3765?
3, 5, 251
List the prime factors of 6387.
3, 2129
What are the prime factors of 393?
3, 131
List the prime factors of 19371.
3, 11, 587
List the prime factors of 8427.
3, 53
List the prime factors of 141445.
5, 28289
List the prime factors of 23723.
7, 3389
What are the prime factors of 5823?
3, 647
What are the prime factors of 695?
5, 139
List the prime factors of 4071.
3, 23, 59
What are the prime factors of 492?
2, 3, 41
What are the prime factors of 42879?
3, 14293
List the prime factors of 12808.
2, 1601
List the prime factors of 1415.
5, 283
What are the prime factors of 11097?
3, 137
List the prime factors of 50929.
50929
What are the prime factors of 305?
5, 61
What are the prime factors of 1037?
17, 61
What are the prime factors of 28912?
2, 13, 139
What are the prime factors of 2465?
5, 17, 29
What are the prime factors of 3819?
3, 19, 67
What are the prime factors of 19087?
19087
What are the prime factors of 9509?
37, 257
What are the prime factors of 4118?
2, 29, 71
What are the prime factors of 892?
2, 223
List the prime factors of 1728.
2, 3
What are the prime factors of 981?
3, 109
List the prime factors of 3353.
7, 479
List the prime factors of 3445.
5, 13, 53
What are the prime factors of 1471?
1471
What are the prime factors of 12491?
12491
What are the prime factors of 8841?
3, 7, 421
List the prime factors of 67902.
2, 3, 11317
What are the prime factors of 1574?
2, 787
List the prime factors of 1948.
2, 487
List the prime factors of 20834.
2, 11, 947
What are the prime factors of 1831?
1831
List the prime factors of 31307.
31307
What are the prime factors of 101572?
2, 67, 379
What are the prime factors of 214?
2, 107
What are the prime factors of 25498?
2, 11, 19, 61
List the prime factors of 381.
3, 127
Wh